e the greatest common factor of k and 1.
1
Suppose -5*w + 150 = -0*w. Suppose s - 2*y = -y + 5, 0 = 2*s + 2*y + 6. Let o be -1 + 2*7 - s. What is the greatest common divisor of w and o?
6
Let r(q) = -q + 1. Let t(b) = 4*b - 14. Let n(i) = -3*r(i) - t(i). Let j be n(0). Let z = 48 + 29. Calculate the greatest common factor of j and z.
11
Suppose 30 = -5*z - 0*w - 5*w, -3*z + w + 2 = 0. Let d be 1 + z/(-3)*21. Calculate the highest common divisor of 4 and d.
4
Let x be 3*(2/3)/(8/4). What is the greatest common factor of x and 4?
1
Suppose 8 = -2*s - 18. Let t(j) = -j**3 - 13*j**2 - j - 10. Let r be t(s). Calculate the greatest common divisor of r and 33.
3
Let b = -27 - -52. Calculate the greatest common divisor of b and 75.
25
Let c(t) = t**2 - 4*t + 6. Let l be c(3). Suppose 0 = -5*v - 4*s + 562, -3*v - l*s = -6*s - 321. Calculate the greatest common factor of 22 and v.
22
Suppose 2*m - 8 = m. Let q(l) = 5*l + 10. Let n be q(m). Let p be 30/9*(7 - 1). What is the highest common divisor of p and n?
10
Suppose h - 2 - 1 = 0. Suppose -h*d + 240 = d. Calculate the greatest common factor of d and 15.
15
Suppose d - 39 = 4*w, 2*d - w - 2*w = 63. Suppose -5*u - d = -3*g, -13 = 3*u - g - 4*g. Let n be (-1*5)/(2/u). Calculate the greatest common factor of 3 and n.
3
Suppose -4*k = -13*k + 36. Let f(r) = -r**2 - 8*r - 8. Let c be f(-6). Let i be ((-3)/(-1))/(3/c). What is the highest common divisor of k and i?
4
Let w = 12 - 5. What is the highest common factor of 1 and w?
1
Let t be 5/(((-4)/(-8)*2)/7). Calculate the greatest common divisor of t and 105.
35
Let k = 89 + -25. Calculate the greatest common factor of 80 and k.
16
Let x(j) = 15*j**2 + j. Let n be x(1). Let y(i) = 44*i**2 + i - 2. Let d be y(2). What is the greatest common factor of d and n?
16
Let p = -3 - -6. Let b be (-2 - -50)/p - -2. What is the greatest common factor of 6 and b?
6
Let v be (-2 - (2 - 3))/(3/(-102)). Calculate the greatest common divisor of 17 and v.
17
Let c be -2*((-270)/4)/3. Let t = 75 - c. Suppose -2*z + 46 = 2*s - t, -188 = -4*s + 5*z. What is the greatest common factor of s and 28?
14
Let i(v) = -v**3 + 3*v + 8. Suppose k = 5*k + 24. Let c be i(k). Let w = c + -140. Calculate the highest common factor of w and 6.
6
Let h(q) = q + 2. Let r be h(6). Suppose -d = -3*p + r, -d + 0 - 2 = -p. Calculate the highest common divisor of d and 8.
1
Suppose 4*i + 6 = 18. Let c be (-6)/9 - (-8)/i. Suppose 3*o = 12, z + o = -0 + 6. What is the greatest common divisor of z and c?
2
Let w(a) = a**2 + 10*a - 13. Let u be w(-12). What is the greatest common factor of 121 and u?
11
Let l = -44 + 56. What is the greatest common factor of l and 12?
12
Let k(j) = -j**2 + 13*j + 13. Let x be k(11). What is the highest common factor of x and 14?
7
Suppose 5*d = -0*b + 5*b + 40, -b + 8 = d. Let m(v) = -v**3 + 7*v**2 + 9*v. Let h be m(d). Calculate the highest common divisor of 4 and h.
4
Suppose 0 = 3*p + 4*f + 3, -30 = 5*p - 10*p + 5*f. Calculate the highest common factor of 75 and p.
3
Suppose -5*u + 4*d + 80 = 0, -4*d + d - 16 = -u. Suppose -f - 5 = -2*f - t, 44 = 4*f - 4*t. What is the highest common divisor of u and f?
8
Let h(s) = -2*s**3 + 3*s**2 + s - 2. Let c be h(2). Let n be 180/c*2/(-5). What is the highest common factor of 6 and n?
6
Let m = 159 + -31. Suppose -5*c + 46 = 3*a + 12, -4*c + 32 = 4*a. Suppose -c*w = -w - m. Calculate the highest common divisor of w and 8.
8
Suppose -2*n + 108 = -7*c + 2*c, -149 = -3*n + c. Let r = 99 - n. What is the highest common factor of r and 20?
10
Let d be (-70)/(-3) - (-8)/(-24). What is the highest common factor of 23 and d?
23
Let k be 2 + (3 - 2) - -2. Suppose -2*c = 3*u + c - 21, -47 = -k*u - 2*c. What is the highest common divisor of u and 121?
11
Let o be (-1)/(-1)*(31 - 1). What is the highest common divisor of o and 10?
10
Suppose 0 = 9*p - 5*p - 52. Calculate the greatest common factor of p and 143.
13
Let k(s) = 4*s**2 - 10*s + 6. Let w be k(6). Calculate the highest common divisor of 9 and w.
9
Let w(u) = 5*u**3 - u + 1. Let v be w(1). What is the greatest common factor of v and 55?
5
Suppose -5*m = -3*d + 21, 5*d = m - 8 + 21. Let a be (-3 + 21)*(-2)/m. What is the greatest common factor of 60 and a?
12
Let h be 4/14 - (-282)/42. Let k be (h/(-3))/(2/(-114)). Calculate the greatest common factor of 19 and k.
19
Suppose -g - 2*k = k - 3, 0 = -3*g + 2*k + 20. Calculate the greatest common factor of 3 and g.
3
Let q be (3 - 1)*(2 - 0). Suppose -3*j = -2*m + 116, -66 = -m - q*j - 19. What is the highest common factor of m and 22?
11
Suppose 0*p + 8*p - 48 = 0. What is the greatest common divisor of p and 18?
6
Let x be 0 - -3*6/9. Calculate the greatest common divisor of x and 14.
2
Let p be (-2)/(1 + -2) + 131. Let r = 9 - 6. Suppose 4*n = -b + 2*b + 81, -3*n + 72 = -r*b. What is the greatest common divisor of p and n?
19
Suppose 2*f = -f - 3. Let g be f/(-2)*(21 + -1). Calculate the highest common divisor of 2 and g.
2
Let k(q) = 25*q + 5. Let j be k(6). Calculate the highest common factor of j and 31.
31
Suppose 73*l - 72*l - 144 = 0. What is the highest common factor of 16 and l?
16
Let z(a) = 7*a**2 + a - 1. Let y be z(-3). Suppose -3*k + 95 = 2*k - 3*h, 0 = 4*k + h - y. What is the highest common divisor of 40 and k?
8
Let k(f) = -20*f**3 + 4*f. Let o be k(-3). Suppose 3*i - o = -i + 2*v, 2*v = 0. Calculate the greatest common divisor of i and 12.
12
Suppose -g - 5*l = -1080, -2*l = -5*g + 2613 + 2868. Suppose -o - g = 4*o. Let t = -129 - o. Calculate the highest common factor of 10 and t.
10
Let s = 77 + -17. Calculate the highest common factor of 12 and s.
12
Suppose 0 = c - p, 4 = -0*c + c + p. Let m be (-8 - -8) + 9 + c. What is the highest common divisor of 11 and m?
11
Suppose 5*s - 121 = -2*w - 10, -3*s = 2*w - 101. Calculate the greatest common factor of w and 344.
43
Let b = 38 - 31. Calculate the greatest common factor of b and 49.
7
Let b be (-9 + 2)/((-4)/(-20)). Let f be ((-28)/b)/((-2)/(-30)). Let j be (-30)/(-7) + (-4)/14. Calculate the greatest common factor of j and f.
4
Let w = 49 - 16. Let y = w - -22. What is the highest common factor of 5 and y?
5
Let b(h) = h - 13. Let q be b(12). Let f = q - -13. Let j = -19 - -67. What is the greatest common divisor of f and j?
12
Let z = 6 - -15. What is the greatest common divisor of 7 and z?
7
Let n = 94 - 91. Suppose 3*k + 3*s - 43 = 50, -3*s + 159 = 5*k. Calculate the greatest common factor of n and k.
3
Let v = -29 + 49. Suppose 0 = 2*l - l - v. Suppose a + 3*q + 33 - 119 = 0, 2*a - 170 = -5*q. Calculate the highest common divisor of a and l.
20
Let m be (-3)/(-6) - 15/(-6). Let p be 0/(2/(m - 2)). Suppose p = -3*z + 5*z - 38. Calculate the highest common factor of z and 76.
19
Let u(c) = 2*c**2 - 2*c - 1. Let a be u(5). Let g = 25 + a. Calculate the greatest common factor of 8 and g.
8
Suppose -2*i + 586 = 4*c - 0*i, -4*i + 143 = c. What is the highest common divisor of c and 21?
21
Suppose 0 = -5*y - 0*g + 3*g + 426, -g - 170 = -2*y. What is the highest common factor of 12 and y?
12
Suppose -33 = -5*g - w, 5*g + 3*w - 35 = 4. Calculate the highest common divisor of 30 and g.
6
Let u(j) = -j**3 - 15*j**2 - j + 17. Let h be u(-15). What is the greatest common factor of 128 and h?
32
Suppose -7*y + 90 = -498. What is the highest common factor of 12 and y?
12
Let q(c) be the first derivative of c**3/3 + 2*c - 3. Let i be q(-3). Calculate the highest common divisor of i and 11.
11
Suppose f + 2*f - 252 = 0. Calculate the greatest common factor of 12 and f.
12
Let j = 174 - 157. Suppose -3*d - 92 = 91. Let l = 24 - d. Calculate the greatest common factor of l and j.
17
Let y(s) = 6*s**2 - 2*s. Let f be y(2). Let w(v) = -221*v**3 - v**2 - v - 1. Let j be w(-1). What is the greatest common factor of j and f?
20
Let b(c) = c + 52. Let v be b(-24). What is the greatest common factor of v and 35?
7
Let i be (-30)/4*(-14)/21. Suppose -5*d - 4 = q + 13, i*q + 5 = -5*d. Calculate the greatest common factor of q and 12.
3
Let d(p) = -p + 8 + 1 - 2. Let q be d(-7). Calculate the highest common factor of 42 and q.
14
Suppose -c - 5*u + 146 = 0, 252 = 2*c - 13*u + 15*u. What is the greatest common factor of 33 and c?
11
Let x be ((-1)/(-3))/((-6)/18) + 6. What is the hi